= u - 72. What are the prime factors of b?
11, 19
Suppose 4*z - 4*h - 86140 = 0, -2*z = -h - 42663 - 408. List the prime factors of (z/160)/(2/10).
673
Let w be 5/(10/1797) + 99/(-66). Suppose -q + 46 = -w. List the prime factors of q.
23, 41
Let p = 7806 + 10365. List the prime factors of p.
3, 673
Let h(i) = -4*i - 3. Let t be h(4). Let o = t - -15. List the prime factors of (-21)/(o - (-3 - 0)).
3, 7
Let h(j) = -j**3 + 3 + 5*j - j + j - 7 - 5*j**2. What are the prime factors of h(-6)?
2
Let d(o) = o**3 + 13*o**2 - 16*o + 18. Let n be d(-13). Let x = 454 - n. What are the prime factors of x?
2, 3, 19
Let z = 4081 + -1322. List the prime factors of z.
31, 89
Suppose 2*j - 6267 = 6973. What are the prime factors of j?
2, 5, 331
Let b(a) = 11*a + 2. Let o(p) = -21*p - 4. Let j(d) = -11*b(d) - 6*o(d). Suppose -401 = -x - 382. What are the prime factors of j(x)?
97
Let a(r) = -59 - 89 - 19*r + 44. List the prime factors of a(-14).
2, 3
Let s be -34*-1*1*(-65)/(-26). Let a = 14 + s. What are the prime factors of a?
3, 11
List the prime factors of (-153)/30 - (-3)/30 - (-22155 + 41).
22109
List the prime factors of ((-32)/8 + (-3478)/(-4))*112/6.
2, 7, 577
Let t be (-1)/(1 + (-36)/30). Suppose 991 = t*g + b, 147 = -5*g + b + 1146. What are the prime factors of g?
199
What are the prime factors of 280/(-2)*(-655910)/4291?
2, 5, 107
Let m = 2386 + -1649. Suppose -m = -2*v - 41. Suppose 0 = -4*d + 120 + v. List the prime factors of d.
3, 13
Suppose -2*y - 64148 = -4*g, g - 3*g + 32098 = -5*y. List the prime factors of g.
2, 8017
Let v(k) = 56*k - 37. Let m(r) = -6*r + 89. Let w be m(0). Let f = w - 84. List the prime factors of v(f).
3
Suppose -154 = -2*i + 9*i. Let p(a) = -a**3 - 21*a**2 + 18*a - 25. Let z be p(i). List the prime factors of -6*((-14)/z - (-187)/(-9)).
2, 3, 7
Suppose -3*s + 34 = 25. Suppose -j = j + 5*t - 268, 4*j - 550 = -3*t. Suppose -9 = s*l, 0 = -a + 3*l - 42 + j. List the prime factors of a.
2, 11
Suppose 132*y - 2120 = 127*y. Let t = 244 - y. List the prime factors of ((-80)/24 + 5)/((-2)/t).
2, 3, 5
Suppose 0*r - 4*r - 676 = -4*m, -r = -3*m + 499. Suppose -16*q = -5*q - m. Suppose 23*f - q*f - 1040 = 0. List the prime factors of f.
2, 5, 13
Let x(z) = 3 + 4*z - 3*z**2 - 4*z**3 - 2 + 4 + 6*z**2. What are the prime factors of x(-3)?
2
Let a(q) = -58*q**2 + 5180*q - 35. List the prime factors of a(15).
5, 12923
Let m(n) = 2*n**3 - 20*n**2 - 3*n + 31. Let l be m(10). What are the prime factors of (317*l)/((-4)/(10 - 18))?
2, 317
Suppose -4*q = -q + 3*m - 1743, -4*q + 2332 = -4*m. Let n = q + -220. What are the prime factors of n?
2, 181
Let n(x) = -x**3 - 2*x**2 - 3*x - 2. Let l be (-2)/4*0/1 + 2. Suppose -4*m - 10 = l. List the prime factors of n(m).
2
Let k be 480/140 + (-6)/14. Let s be (-24)/(-36) + 4/k. Suppose s*r = 142 - 18. List the prime factors of r.
2, 31
Let n = 8460 - 3316. List the prime factors of n.
2, 643
List the prime factors of -9 - ((-99)/11 - 4594).
2, 2297
Let t(o) = o**3 + 75*o**2 - 141*o - 329. List the prime factors of t(-76).
3, 29, 53
Suppose -12*u + 88 = 10*u. Suppose -u*a + h = 6*h - 2050, 4*a = -4*h + 2052. What are the prime factors of a?
5, 103
List the prime factors of (17323/(-51))/(4/(-12)).
1019
Let g = -154 + 64. Let p = 54 - 98. Let i = p - g. What are the prime factors of i?
2, 23
Let o(x) be the third derivative of 22*x**5/15 + 7*x**4/24 + 14*x**3/3 + 40*x**2. What are the prime factors of o(-4)?
2, 11
Let c = 36424 + -15516. What are the prime factors of c?
2, 5227
Let h = -88 + 90. List the prime factors of ((-6)/(-6) - h)*(-289 + 2).
7, 41
Let y(q) = 5*q**2 - 9*q + 21. Let i be y(12). Suppose x - 5*v = -222, -8*v + 4*v = -3*x - i. What are the prime factors of x/(-2)*(-14 - -16)?
3, 23
Suppose 4*l = 3*w + 115976, 76*l = 79*l + 2*w - 86982. What are the prime factors of l?
2, 7, 19, 109
Let x = 738 + -283. Suppose 625 + x = 5*d. List the prime factors of d.
2, 3
Let c = 7086 - -348. Suppose -7*a + c = -21483. What are the prime factors of a/36 + 1/4?
5, 23
Let r(s) = 56*s - 254. Suppose -3*t + 69 = k, -2*t - 27*k = -24*k - 39. What are the prime factors of r(t)?
2, 5, 109
Suppose s + m - 21949 = 0, -5*s - m + 103566 = -6183. What are the prime factors of s?
2, 5, 439
Let n = 542 - 281. Let q = 17208 - 17384. Let a = q + n. List the prime factors of a.
5, 17
Suppose 13577 + 28363 = 10*q. List the prime factors of 4*q/12 - -9.
3, 7, 67
Suppose -16*v + 10*v - 792 = 0. Let n = v + 120. Let z(c) = c**3 + 13*c**2 + 8*c - 27. List the prime factors of z(n).
3, 7
Let g = 5389 - 666. What are the prime factors of g?
4723
Let h(t) = 560*t - 12922. What are the prime factors of h(65)?
2, 3, 7, 13, 43
Let w(q) = q**2 - 8*q - 6. Let v be w(9). Let m(o) = 25*o + 15. Let y be m(v). Let i = y + -3. List the prime factors of i.
3, 29
List the prime factors of 9277 + (-12 + 16 - 16).
5, 17, 109
Suppose 32*d + 26424 = -38*d + 78*d. What are the prime factors of d?
3, 367
Let v = 11497 - 5348. What are the prime factors of v?
11, 13, 43
Let v(p) be the second derivative of -5*p**3/2 - 14*p**2 + 4*p - 3. What are the prime factors of v(-11)?
137
Suppose o - 16 = 2*i + 20, 3*i + 74 = 2*o. Let z = o + -38. What are the prime factors of (19/z)/(2/4)?
19
Let d be (-1 - 209)*90/(-21). Suppose 0 = 5*x + 3*r - 4536, 2*x = x + 3*r + d. Suppose 0 = 4*b + 186 - x. List the prime factors of b.
2, 3, 5
Let y(q) = -34*q + 2. Let m(n) = -2*n. Let s(b) = -36*m(b) + 2*y(b). Let v(d) = 3*d + 5. Let i(r) = -6*s(r) + 5*v(r). What are the prime factors of i(-5)?
2, 23
Suppose 13*t = t + 312. Suppose -2*g = -5*r + 2, r + 2*r = -5*g + t. Suppose -o + 54 = -g*p, -302 = -5*o - 2*p + 56. List the prime factors of o.
2, 5, 7
Let o(i) be the third derivative of -i**5/60 + 3*i**3/2 + 5*i**2. Let j be o(-3). What are the prime factors of (-21 - -17) + (j - -203)?
199
What are the prime factors of ((3 - 31722) + 1)*(11/2 - 6)?
15859
Suppose -20*s + 22*s - 4 = 0. Let z be 48/(-8) + (2 - s). What are the prime factors of (-4)/(-8)*z*-78?
2, 3, 13
Let o(c) = -670*c + 3795. What are the prime factors of o(-4)?
5, 7, 37
Let h(t) = 11*t**2 - t - 14. Let d = -58 - -63. Let g be h(d). Let c = g - 9. List the prime factors of c.
13, 19
Let c = 2107 + -1466. Let i = c + -4. What are the prime factors of i?
7, 13
Let a(o) = 3*o**2 + 27*o - 13. Let m be (2/(-6))/(9/486). What are the prime factors of a(m)?
11, 43
Let m be 2/(((-2)/5)/(-2)). Suppose -7*i + m*i = 0. Suppose 6*s = -i*s + 648. List the prime factors of s.
2, 3
List the prime factors of (-255246)/(-399)*21/6.
2239
Suppose 16*s - 7*s - 24705 = 0. Suppose -4*l = -d - 4*d + s, -5*d + 5*l + 2745 = 0. What are the prime factors of d?
3, 61
Let i = -25377 - -51304. List the prime factors of i.
11, 2357
Let x(t) = -11*t + 131. Let o be x(12). Let v be 1/3 - 1702/(-6). List the prime factors of (o/(-2))/((-283)/v + 1).
2, 71
Let p(v) = -8*v - 205. Let a(f) = -25*f**2 - 11*f - 12. Let n be a(-1). What are the prime factors of p(n)?
3
Let f = 15860 - 14132. What are the prime factors of f?
2, 3
List the prime factors of -11 + (-7 - -1216 - -14).
2, 3, 101
Suppose -884*h - 4434 = -882*h. Let c = h + 3406. What are the prime factors of c?
29, 41
Let b(g) = -g**2 - 9*g - 11. Let k be b(-7). Suppose 2*y + 0*z + 2*z = -328, k*y + 5*z = -490. Let u = y + 295. List the prime factors of u.
2, 5, 13
Let z = 4 - 0. Suppose 0 = r + 3*c - z + 2, -r + 9 = -4*c. Suppose r*t + 23 = 2*i - 8, -17 = i + 4*t. What are the prime factors of i?
3
Let w = 4252 - 408. List the prime factors of w.
2, 31
Let p(d) = 3*d + 557 + 557 - 1121 - 41*d. List the prime factors of p(-8).
3, 11
Let t(h) be the first derivative of -h**5/60 + h**4/2 + 5*h**3/6 + 5*h**2/2 + 11. Let p(r) be the second derivative of t(r). List the prime factors of p(6).
41
Let x be 41608/16*12/42. Suppose -2*j - 684 - 790 = -2*h, -x = -h - j. What are the prime factors of h?
2, 5, 37
Suppose -26*q + 12563 = -43207. What are the prime factors of q?
3, 5, 11, 13
Let y = -13 + 101. Suppose -q = -5*q + y. What are the prime factors of (-12 + 16 - q/6)*153?
3, 17
Suppose -11 = 9*m - 38. Suppose 6 + 33 = 3*k + m*j, -3*k - 2*j = -42. Suppose 18*y - k*y - 20 = 0. List the prime factors of y.
2, 5
Let w = -959 + 63176. List the prime factors of w.
3, 31, 223
S